?
2, 2671
List the prime factors of 100479.
3, 33493
List the prime factors of 5767.
73, 79
List the prime factors of 25193.
7, 59, 61
What are the prime factors of 15832?
2, 1979
List the prime factors of 5541.
3, 1847
List the prime factors of 359.
359
What are the prime factors of 79641?
3, 8849
List the prime factors of 726.
2, 3, 11
List the prime factors of 2699.
2699
List the prime factors of 42813.
3, 67, 71
List the prime factors of 4176.
2, 3, 29
What are the prime factors of 12306?
2, 3, 7, 293
List the prime factors of 309.
3, 103
List the prime factors of 112988.
2, 47, 601
List the prime factors of 38134.
2, 23, 829
What are the prime factors of 1179?
3, 131
What are the prime factors of 2246?
2, 1123
List the prime factors of 3596.
2, 29, 31
List the prime factors of 444.
2, 3, 37
List the prime factors of 2183.
37, 59
What are the prime factors of 22379?
7, 23, 139
What are the prime factors of 1702?
2, 23, 37
List the prime factors of 21101.
21101
What are the prime factors of 1672?
2, 11, 19
List the prime factors of 2485.
5, 7, 71
What are the prime factors of 1513?
17, 89
What are the prime factors of 55709?
17, 29, 113
List the prime factors of 1515.
3, 5, 101
What are the prime factors of 111?
3, 37
List the prime factors of 642.
2, 3, 107
List the prime factors of 73768.
2, 9221
What are the prime factors of 3670?
2, 5, 367
List the prime factors of 1106.
2, 7, 79
What are the prime factors of 3017?
7, 431
List the prime factors of 2602.
2, 1301
What are the prime factors of 11589?
3, 3863
List the prime factors of 13836.
2, 3, 1153
What are the prime factors of 1163?
1163
What are the prime factors of 1797?
3, 599
List the prime factors of 48861.
3, 61, 89
What are the prime factors of 22631?
7, 53, 61
What are the prime factors of 86?
2, 43
List the prime factors of 357.
3, 7, 17
What are the prime factors of 10091?
10091
List the prime factors of 61682.
2, 30841
What are the prime factors of 10360?
2, 5, 7, 37
What are the prime factors of 16282?
2, 7, 1163
What are the prime factors of 39533?
13, 3041
List the prime factors of 4612.
2, 1153
What are the prime factors of 14976?
2, 3, 13
What are the prime factors of 2659?
2659
What are the prime factors of 30963?
3, 10321
What are the prime factors of 35210?
2, 5, 7, 503
What are the prime factors of 436?
2, 109
What are the prime factors of 41835?
3, 5, 2789
What are the prime factors of 32614?
2, 23, 709
What are the prime factors of 167724?
2, 3, 1553
What are the prime factors of 3387?
3, 1129
List the prime factors of 136277.
136277
List the prime factors of 465.
3, 5, 31
What are the prime factors of 44777?
44777
List the prime factors of 34761.
3, 11587
What are the prime factors of 3268?
2, 19, 43
What are the prime factors of 72177?
3, 7, 491
List the prime factors of 3087.
3, 7
List the prime factors of 8929.
8929
List the prime factors of 18385.
5, 3677
What are the prime factors of 9542?
2, 13, 367
What are the prime factors of 185974?
2, 92987
List the prime factors of 23981.
23981
What are the prime factors of 1405?
5, 281
List the prime factors of 8305.
5, 11, 151
List the prime factors of 3237.
3, 13, 83
What are the prime factors of 153?
3, 17
List the prime factors of 2521.
2521
What are the prime factors of 926?
2, 463
List the prime factors of 19552.
2, 13, 47
What are the prime factors of 46?
2, 23
What are the prime factors of 4581?
3, 509
List the prime factors of 4599.
3, 7, 73
What are the prime factors of 675?
3, 5
What are the prime factors of 2413?
19, 127
What are the prime factors of 6256?
2, 17, 23
What are the prime factors of 332?
2, 83
What are the prime factors of 118637?
31, 43, 89
What are the prime factors of 2131?
2131
What are the prime factors of 5188?
2, 1297
What are the prime factors of 2255?
5, 11, 41
List the prime factors of 154947.
3, 13, 29, 137
List the prime factors of 36962.
2, 18481
What are the prime factors of 26179?
47, 557
List the prime factors of 405.
3, 5
What are the prime factors of 402?
2, 3, 67
List the prime factors of 120822.
2, 3, 13, 1549
List the prime factors of 2700.
2, 3, 5
What are the prime factors of 10214?
2, 5107
What are the prime factors of 5057?
13, 389
What are the prime factors of 630?
2, 3, 5, 7
What are the prime factors of 20065?
5, 4013
List the prime factors of 55835.
5, 13, 859
What are the prime factors of 15324?
2, 3, 1277
What are the prime factors of 305?
5, 61
What are the prime factors of 922?
2, 461
What are the prime factors of 26726?
2, 7, 23, 83
What are the prime factors of 6455?
5, 1291
What are the prime factors of 34989?
3, 107, 109
What are the prime factors of 42606?
2, 3, 263
What are the prime factors of 43082?
2, 13, 1657
List the prime factors of 20120.
2, 5, 503
List the prime factors of 16020.
2, 3, 5, 89
List the prime factors of 102854.
2, 51427
List the prime factors of 17665.
5, 3533
What are the prime factors of 71191?
71191
What are the prime factors of 740?
2, 5, 37
What are the prime factors of 65931?
3, 21977
What are the prime factors of 5112?
2, 3, 71
List the prime factors of 45081.
3, 5009
What are the prime factors of 27736?
2, 3467
List the prime factors of 3627.
3, 13, 31
List the prime factors of 24182.
2, 107, 113
List the prime factors of 1348.
2, 337
What are the prime factors of 2131?
2131
What are the prime factors of 27467?
11, 227
List the prime factors of 954.
2, 3, 53
What are the prime factors of 396?
2, 3, 11
List the prime factors of 653.
653
What are the prime factors of 68431?
11, 6221
List the prime factors of 3898.
2, 1949
List the prime factors of 63666.
2, 3, 131
List the prime factors of 27724.
2, 29, 239
List the prime factors of 1373.
1373
List the prime factors of 2980.
2, 5, 149
List the prime factors of 6482.
2, 7, 463
What are the prime factors of 3520?
2, 5, 11
What are the prime factors of 913?
11, 83
What are the prime factors of 3121?
3121
What are the prime factors of 1004?
2, 251
What are the prime factors of 1633?
23, 71
What are the prime factors of 25480?
2, 5, 7, 13
What are the prime factors of 38463?
3, 12821
List the prime factors of 1745.
5, 349
What are the prime factors of 1308?
2, 3, 109
What are the prime factors of 16672?
2, 521
What are the prime factors of 796?
2, 199
List the prime factors of 2407.
29, 83
List the prime factors of 12193.
89, 137
List the prime factors of 1013.
1013
What are the prime factors of 77?
7, 11
List the prime factors of 73901.
67, 1103
List the prime factors of 130210.
2, 5, 29, 449
What are the prime factors of 2530?
2, 5, 11, 23
What are the prime factors of 20725?
5, 829
What are the prime factors of 34975?
5, 1399
List the prime factors of 340.
2, 5, 17
What are the prime factors of 4896?
2, 3, 17
What are the prime factors of 2412?
2, 3, 67
What are the prime factors of 28793?
28793
List the prime factors of 32451.
3, 29, 373
List the prime factors of 12280.
2, 5, 307
What are the prime factors of 28509?
3, 13, 17, 43
What are the prime factors of 2932?
2, 733
What are the prime factors of 305?
5, 61
List the prime factors of 702.
2, 3, 13
What are the prime factors of 91560?
2, 3, 5, 7, 109
List the prime factors of 14276.
2, 43, 83
List the prime factors of 1310.
2, 5, 131
What are the prime factors of 921?
3, 307
What are the prime factors of 17461?
19, 919
What are the prime factors of 1441?
11, 131
List the prime factors of 17465.
5, 7, 499
List the prime factors of 2295.
3, 5, 17
List the prime factors of 1171.
1171
What are the prime factors of 149690?
2, 5, 14969
List the prime factors of 169.
13
What are the prime factors of 1553?
1553
List the prime factors of 112238.
2, 7, 8017
List the prime factors of 35235.
3, 5, 29
What are the prime factors of 486?
2, 3
List the prime factors of 1940.
2, 5, 97
What are the prime factors of 2126?
2, 1063
List the prime factors of 910.
2, 5, 7, 13
List the prime factors of 18.
2, 3
List the prime factors of 24218.
2, 12109
What are the prime factors of 81810?
2, 3, 5, 101
List the prime factors of 30837.
3, 19, 541
What are the prime factors of 6346?
2, 19, 167
What are the prime factors of 1060?
2, 5, 53
List the prime factors of 2766.
2, 3, 461
What are the prime factors of 146876?
2, 73, 503
What are the prime 